 = -262. What are the prime factors of f?
2, 3, 5
Let h(m) = m**2 + m. Let r(b) = 8*b**2 - 1. Let t(s) = -2*h(s) + 2*r(s). What are the prime factors of t(-1)?
2, 7
Let i = -2 - -4. Suppose i*n + 2 = -3*f + 5*f, 0 = 4*n + 3*f - 31. Suppose -n*z = -36 - 0. What are the prime factors of z?
3
Let o(d) = -10*d**2 + 2*d - 5. Let t(l) = -4*l + 10 + 0 + 19*l**2 - 1. Let s(m) = 7*o(m) + 4*t(m). List the prime factors of s(1).
5
Suppose h - 3 + 0 = 0. Let n(p) = 6*p**2 - 2*p**h + 1 - 10 + 3*p**3 - 2*p. List the prime factors of n(-6).
3
Let d = 77 - 40. List the prime factors of d.
37
Suppose 3*o + 5*h = 171, 0 = -3*o + 4*o - 2*h - 68. List the prime factors of o.
2, 31
Let j = -64 - -39. List the prime factors of j/(-2) + 3/(-2).
11
Let x be 2/(3/(27/6)). What are the prime factors of (-1)/x*(-264)/8?
11
Let r be 1*(-64)/(-20)*-35. Let p = 25 + -15. List the prime factors of (-2)/p + r/(-10).
11
Let t be (-2)/2 - (-33 + 0). Suppose 2*r + 0*w + 71 = -5*w, w - 41 = 2*r. Let g = t + r. What are the prime factors of g?
3
Let g = -380 + 628. What are the prime factors of g?
2, 31
Let w = 28 + -16. List the prime factors of w.
2, 3
Let g = 5 + -2. Let x(t) = -t**3 + 5*t**2 - 2*t + 4. Let a be x(g). Suppose -2*d - 5*u = -0*d, -a = -2*d - u. List the prime factors of d.
2, 5
Suppose 0*o = -3*o. Suppose 33 = 2*p - 10*r + 5*r, o = -r - 3. List the prime factors of p.
3
Let q(z) = z**3 + 1 - 1 - 2*z**3 - 5*z**2 - 6*z. List the prime factors of q(-4).
2
Let o(r) = r**3 + 8*r**2 - 4*r - 4. Let n(g) = g**2 - 7*g - 2. Let q be n(6). What are the prime factors of o(q)?
2, 7
Suppose -3*c = u - 13, -c + 107 = 4*u - 0*c. What are the prime factors of u?
2, 7
Let s(w) = 2*w**2 + w + 6*w**3 + 6*w**2 - 3*w**2 + 5 - 5*w**3. What are the prime factors of s(-4)?
17
Let c(r) = 1 - 3 - 2*r + 4*r - 3*r. List the prime factors of c(-7).
5
Suppose 4*p - 1 = 5*l, 0 = 4*l + 2*p - 22 + 2. Let y = 5 - l. What are the prime factors of 6 - (y - (1 + 1))?
2, 3
Suppose l + 4 = -2*i, -4 = -l + 3*l + 3*i. Let c = 27 - l. What are the prime factors of c?
23
Suppose -r - 1 + 5 = 0. Let y = 5 - 1. Suppose 0 = 4*v + h - r*h - 35, -y*v = -h - 41. What are the prime factors of v?
11
Let p = -117 + 181. List the prime factors of p.
2
Suppose 2*c = 7*c. Let v = c + 2. Suppose 2*k = 24 - v. List the prime factors of k.
11
Let k(q) = -10*q - 5. Suppose -3*t + 1 - 12 = 4*z, -6 = 2*z + 2*t. What are the prime factors of k(z)?
3, 5
Let s be (-178)/(-4) - (-2)/(-4). Let i = s + -31. List the prime factors of i.
13
Suppose 3*b = 5*d - 40 - 62, -70 = -3*d + 4*b. Suppose n - 2*n = -d. List the prime factors of n.
2, 3
Let t be 64 + (-2)/2 + 2. Let u = 5 + 41. Let x = t - u. List the prime factors of x.
19
Let t(p) = 0*p**2 - 7*p + 36 - 45 + p + p**2. List the prime factors of t(9).
2, 3
Suppose -5*f - 5*v = 20, 2 + 0 = -v. Let l(p) = 12*p + 20. Let s(r) = -4*r - 7. Let h(t) = -5*l(t) - 14*s(t). What are the prime factors of h(f)?
2, 3
Suppose -349 = -3*a + 203. List the prime factors of a.
2, 23
What are the prime factors of 2*(1 - (-375)/10)?
7, 11
Suppose 4*n - 178 = -2*b - 0*b, b + 5*n - 92 = 0. Suppose b = 5*h - 3. List the prime factors of h.
2, 3
Let v(k) = -k**2 - 5*k + 3. Let c be v(-4). Let q(s) = s**2 - 6*s - 1. List the prime factors of q(c).
2, 3
Let r(z) = 17*z**2 + z + 1. List the prime factors of r(2).
71
Let n be ((-204)/2)/(2 + -4). Let d = n - 75. What are the prime factors of 2 + 7/((-14)/d)?
2, 7
Suppose 45 = -5*o - 0*o. Let w = -1 - o. List the prime factors of w.
2
Suppose -5*m - 310 = -30. Let l = m - -94. List the prime factors of 10/35 + l/14.
3
Suppose -5*l = y - 240, 1069 = 5*y - l - 235. What are the prime factors of y?
2, 5, 13
Let p = 225 - 144. List the prime factors of p.
3
Let h be ((-4)/2)/(6/(-12)). Suppose 18 = -w - 3*k + 51, 0 = h*k - 4. List the prime factors of w.
2, 3, 5
Let f(q) = -5*q + 1. What are the prime factors of f(-1)?
2, 3
Let z(v) = 0 - 2*v**3 + 4 - 3 + v**3. What are the prime factors of z(-1)?
2
What are the prime factors of ((-66)/(-55))/(3/10)?
2
What are the prime factors of 66 + -1 + (-6)/(-2)?
2, 17
Let h(b) = -3*b**3 + b + 3*b**3 - b**3 + 2*b**2. Let j = -1 + 3. List the prime factors of h(j).
2
Suppose 5*u - 33 = -n - 3*n, u + n - 7 = 0. Suppose 62 - 15 = 5*t - 3*z, 4*z + 51 = u*t. What are the prime factors of t?
7
Let f = -328 - -498. List the prime factors of f.
2, 5, 17
Let n = -103 - -167. What are the prime factors of n?
2
What are the prime factors of 2/((-2)/185*-5)?
37
Suppose -13*b - 159 = -16*b. What are the prime factors of b?
53
Let q = 10 + -8. Suppose -q*y + 6 = y. List the prime factors of y.
2
Let t = -6 - -18. What are the prime factors of t?
2, 3
Let z = 132 - 78. What are the prime factors of z?
2, 3
Let q be (-1 - 2)*(-5 + 3). Suppose -5*d + q*d = 2. Suppose -3*l + d*p = -23, -2*l + 11 = l + p. List the prime factors of l.
5
What are the prime factors of (3/1)/(4/100*5)?
3, 5
Let o(z) = -z + 10. Let w be 0*-2*3/12. Suppose d - 3*d = w. List the prime factors of o(d).
2, 5
Let h(p) = -p + 3. Let i(g) = g - 9. Let w be i(4). Let v be h(w). Suppose -v*r + 4*r + 4*q + 32 = 0, -4*q + 64 = 4*r. List the prime factors of r.
2, 3
Let s = 45 + -91. Let v = s - -71. What are the prime factors of v?
5
Suppose 5*v = 2*a - 6*a - 98, -v + 4*a - 34 = 0. Let x be (-1*120/(-9))/(2/6). Let w = x + v. List the prime factors of w.
2, 3
Let p(n) = 2*n**2 + 7*n. Let s be (7/(-2))/((-1)/(-2)). List the prime factors of p(s).
7
Suppose 0 = -5*f - 3*b - 7 - 4, 3*f = -b - 9. Let y be 2/1*(-6)/f. Suppose -2*u = y*j - 6*u - 22, 5*j - 6 = -u. List the prime factors of j.
2
What are the prime factors of (-21)/9*6/(-2)?
7
Let n be -15*-2*(-3)/(-18). Suppose -7 = p - 2*p + 2*k, n*k + 22 = 4*p. List the prime factors of 4/3*p + 2.
2, 3
Suppose 10 = -g + 46. Let r(n) = -n - 3. Let o be r(-5). Suppose g = o*w + w. What are the prime factors of w?
2, 3
Let l = -33 + 105. List the prime factors of l.
2, 3
Suppose -5*p - 9 = -54. Let j be 0 + 0 + (1 - p). Let q(f) = -f**2 - 9*f + 6. What are the prime factors of q(j)?
2, 7
Let f = -193 + 489. What are the prime factors of (-3)/2*f/(-12)?
37
Suppose 2*b = -6 - 6. What are the prime factors of b/4*24/(-18)?
2
Suppose j = -5*y + 43, 0 = -5*y - 3*j - 0*j + 39. What are the prime factors of y?
3
Let b(s) = -s - 4. Let l be b(-6). Suppose -2*c + 16 = -5*r, 3 = c - l*r - 3*r. List the prime factors of c.
13
Let v be (1 - 0)*-1 - -20. Suppose 0 = 4*i + 7 - v. What are the prime factors of (-9)/(3*i/(-12))?
2, 3
Suppose -32 = -6*t + 2*t. Let v(h) = -h**3 + 7*h**2 + 9*h - 8. Let s be v(t). Suppose -2*k - w = -18, -2*k - 3*k - 3*w + 46 = s. List the prime factors of k.
2
Let h(l) = -3*l**2 - 2*l + 6. Let u be h(4). Let b be (-1)/(-4) - u/(-8). What are the prime factors of (-411)/(-27) + b/27?
3, 5
Let b = -3 + 3. Suppose 0 = z - 2*z - 5, b = -v + z + 12. List the prime factors of v.
7
Let w(t) = 6*t**2 + 32*t + 12. Let v(f) = 2*f**2 + 11*f + 4. Let x(b) = -14*v(b) + 5*w(b). Let o be x(-4). Let g = o + -6. What are the prime factors of g?
2, 3
What are the prime factors of (((-150)/4)/5)/(1/(-2))?
3, 5
Suppose -2*u - 3*n = -37, -63 = -2*u - 2*u + 5*n. Suppose 0 = 3*j - u - 34. List the prime factors of j.
17
Let z = 8 + -4. Let n = z - 2. What are the prime factors of n?
2
Let b(c) = c**3 + 7*c**2 + 3*c. List the prime factors of b(-5).
5, 7
Let k = 2 - -142. What are the prime factors of k?
2, 3
Let s(f) = 6*f**2 - 4*f. List the prime factors of s(3).
2, 3, 7
Let l = 61 + -6. Suppose d = -3*d - 3*i + 39, 5*i - l = -5*d. What are the prime factors of d?
2, 3
Let y be -2*6/(-3 + 0). Let q be 6/y*104/12. Suppose -q = -3*o + 29. What are the prime factors of o?
2, 7
Let f(j) = 3*j**2 - 5*j - 18. List the prime factors of f(-5).
2, 41
Let h(c) = -5*c + 4*c + 3 - 4. Let p be h(7). Let o = -2 - p. What are the prime factors of o?
2, 3
Suppose 0 = -4*x - 4, -5*h + 5*x + 25 = -0*x. Let v be 3 - 0 - (4 - 3). Suppose 0 = 3*b + 15, h*i - b - 59 + v = 0. What are the prime factors of i?
13
Suppose -4*o + s + 96 = 0, 2*o - 3*s + 137 = 7*o. Suppose o = 5*x - 30. Let c = -5 + x. What are the prime factors of c?
2, 3
Suppose 4*q - 12 = f + 8*q, 4 = 5*f + 4*q. Suppose g + 204 = -w + 5*w, 4*w - 224 = -f*g. What are the prime factors of w?